{"id":86,"date":"2021-08-06T15:16:38","date_gmt":"2021-08-06T08:16:38","guid":{"rendered":"https:\/\/duyanhsms.wordpress.com\/?p=86"},"modified":"2022-12-17T13:41:42","modified_gmt":"2022-12-17T06:41:42","slug":"he-thong-quan-tri-erp","status":"publish","type":"page","link":"https:\/\/duyanhsms.com\/index.php\/he-thong-quan-tri-erp\/","title":{"rendered":"H\u1ec7 th\u1ed1ng qu\u1ea3n tr\u1ecb ERP"},"content":{"rendered":"\n<p>L\u00e0 m\u1ed9t gi\u1ea3i ph\u00e1p qu\u1ea3n tr\u1ecb t\u1ed5ng th\u1ec3 h\u1ed7 tr\u1ee3 c\u00e1c nh\u00e0 l\u00e3nh \u0111\u1ea1o trong vi\u1ec7c qu\u1ea3n l\u00fd t\u1ea5t c\u1ea3 c\u00e1c ngu\u1ed3n l\u1ef1c c\u1ee7a doanh nghi\u1ec7p (nh\u00e2n l\u1ef1c &#8211; t\u00e0i l\u1ef1c &#8211; v\u1eadt l\u1ef1c) m\u00e0 c\u00f2n tr\u1ee3 gi\u00fap t\u1ea5t c\u1ea3 c\u00e1c b\u1ed9 ph\u1eadn c\u1ee7a doanh nghi\u1ec7p thao t\u00e1c nghi\u1ec7p v\u1ee5 v\u00e0 chia s\u1ebb th\u00f4ng tin m\u1ed9t c\u00e1ch hi\u1ec7u qu\u1ea3 th\u00f4ng qua quy tr\u00ecnh x\u1eed l\u00fd c\u00f4ng vi\u1ec7c \u0111\u00e3 \u0111\u01b0\u1ee3c quy chu\u1ea9n khi thi\u1ebft k\u1ebf ph\u1ea7n m\u1ec1m. M\u00f4 h\u00ecnh t\u1ed5ng qu\u00e1t c\u1ee7a H\u1ec7 th\u1ed1ng qu\u1ea3n tr\u1ecb ERP \u0111\u01b0\u1ee3c m\u00f4 t\u1ea3 trong h\u00ecnh sau:<\/p>\n\n\n\n<p>H\u1ec7 th\u1ed1ng qu\u1ea3n tr\u1ecb ERP \u0111\u01b0\u1ee3c x\u00e2y d\u1ef1ng tr\u00ean n\u1ec1n t\u1ea3ng ph\u1ea7n c\u1ee9ng bao g\u1ed3m: m\u00e1y ch\u1ee7, m\u00e1y vi t\u00ednh c\u00e1 nh\u00e2n v\u00e0 \u0111i\u1ec7n tho\u1ea1i di \u0111\u1ed9ng. Nh\u00e0 qu\u1ea3n l\u00fd c\u00f3 th\u1ec3 truy c\u1eadp th\u00f4ng tin qu\u1ea3n tr\u1ecb doanh nghi\u1ec7p t\u1eeb b\u1ea5t c\u1ee9 \u0111\u00e2u v\u1edbi k\u1ebft n\u1ed1i internet t\u1eeb m\u00e1y vi t\u00ednh c\u00e1c nh\u00e2n ho\u1eb7c \u0111i\u1ec7n tho\u1ea1i di \u0111\u1ed9ng. Nh\u00e2n vi\u00ean c\u00f3 th\u1ec3 c\u1eadp nh\u1eadt c\u00f4ng vi\u1ec7c c\u1ee7a m\u00ecnh theo th\u1eddi gian th\u1ef1c. C\u00e1c b\u1ed9 ph\u1eadn v\u00e0 ph\u00f2ng ban c\u00f3 th\u1ec3 k\u1ebft n\u1ed1i th\u00f4ng tin v\u1edbi nhau \u0111\u1ec3 ph\u1ed1i h\u1ee3p c\u00f9ng ho\u1ea1t \u0111\u1ed9ng m\u1ed9t c\u00e1ch hi\u1ec7u qu\u1ea3 nh\u1ea5t.<\/p>\n\n\n<div class=\"wp-block-image\">\n<figure class=\"aligncenter size-large is-resized\"><img loading=\"lazy\" decoding=\"async\" src=\"https:\/\/duyanhsms.com\/wp-content\/uploads\/2022\/07\/5.12_ERP-01-1024x768.png\" alt=\"\" class=\"wp-image-467\" width=\"809\" height=\"607\" srcset=\"https:\/\/duyanhsms.com\/wp-content\/uploads\/2022\/07\/5.12_ERP-01-1024x768.png 1024w, https:\/\/duyanhsms.com\/wp-content\/uploads\/2022\/07\/5.12_ERP-01-300x225.png 300w, https:\/\/duyanhsms.com\/wp-content\/uploads\/2022\/07\/5.12_ERP-01-768x576.png 768w, https:\/\/duyanhsms.com\/wp-content\/uploads\/2022\/07\/5.12_ERP-01-1536x1152.png 1536w, https:\/\/duyanhsms.com\/wp-content\/uploads\/2022\/07\/5.12_ERP-01-2048x1536.png 2048w\" sizes=\"(max-width: 809px) 100vw, 809px\" \/><figcaption class=\"wp-element-caption\">S\u01a1 \u0111\u1ed3 h\u1ec7 th\u1ed1ng ERP<\/figcaption><\/figure><\/div>\n\n\n<p><strong>9 l\u1ee3i \u00edch \u0111em l\u1ea1i c\u1ee7a h\u1ec7 th\u1ed1ng qu\u1ea3n tr\u1ecb doanh nghi\u1ec7p ERP:<\/strong><\/p>\n\n\n\n<p>1. Lo\u1ea1i b\u1ecf \u0111\u01b0\u1ee3c c\u00e1c c\u00f4ng vi\u1ec7c nh\u1eadp li\u1ec7u th\u1ee7 c\u00f4ng, gi\u1ea5y t\u1edd, th\u00f4ng b\u00e1o \u0111\u1ebfn t\u1eebng b\u1ed9 ph\u1eadn c\u1ee7a doanh nghi\u1ec7p m\u1ed9t c\u00e1ch nhanh ch\u00f3ng, k\u1ecbp th\u1eddi.<\/p>\n\n\n\n<p>2. L\u01b0u tr\u1eef d\u1eef li\u1ec7u th\u1ed1ng nh\u1ea5t tr\u00ean m\u1ed9t h\u1ec7 th\u1ed1ng duy nh\u1ea5t, \u0111\u1ea3m b\u1ea3o \u0111\u01b0\u1ee3c b\u1ea3o m\u1eadt v\u00e0 an to\u00e0n th\u00f4ng tin.<\/p>\n\n\n\n<p>3. T\u00ednh to\u00e1n, th\u1ed1ng k\u00ea \u0111\u01b0\u1ee3c chi ph\u00ed doanh nghi\u1ec7p nh\u1edd v\u00e0o c\u00e1c module qu\u1ea3n l\u00fd m\u1ecdi ti\u1ebfn tr\u00ecnh t\u1eeb nh\u1eadn \u0111\u01a1n h\u00e0ng \u0111\u1ebfn tri\u1ec3n khai s\u1ea3n xu\u1ea5t v\u00e0 giao h\u00e0ng.<\/p>\n\n\n\n<p>4. H\u1ed7 tr\u1ee3 nh\u00e0 qu\u1ea3n tr\u1ecb d\u1ec5 d\u00e0ng ti\u1ebfp c\u1eadn th\u00f4ng tin doanh nghi\u1ec7p, t\u1eeb \u0111\u00f3 c\u00f3 th\u1ec3 \u0111\u01b0a ra c\u00e1c quy\u1ebft \u0111\u1ecbnh d\u1ef1a tr\u00ean c\u01a1 s\u01a1 c\u00f3 \u0111\u1ea7y \u0111\u1ee7 th\u00f4ng tin.<\/p>\n\n\n\n<p>5. Th\u00f4ng tin \u0111\u01b0\u1ee3c c\u1eadp nh\u1eadt theo th\u1eddi gian th\u1ef1c, \u0111\u1ea3m b\u1ea3o t\u00ednh ch\u00ednh x\u00e1c v\u00e0 \u0111\u1ea7y \u0111\u1ee7, gi\u00fap vi\u1ec7c qu\u1ea3n l\u00fd d\u1ec5 d\u00e0ng v\u00e0 c\u00f3 th\u1ec3 k\u1ecbp th\u1eddi s\u1eeda ch\u1eefa l\u1ed7i ph\u00e1t sinh trong qu\u00e1 tr\u00ecnh s\u1ea3n xu\u1ea5t.<\/p>\n\n\n\n<p>6. H\u1ed7 tr\u1ee3 nh\u00e0 qu\u1ea3n l\u00fd l\u1eadp k\u1ebf ho\u1ea1ch s\u1ea3n xu\u1ea5t m\u1ed9t c\u00e1ch t\u1ed1i \u01b0u nh\u1ea5t nh\u1edd v\u00e0o module qu\u1ea3n l\u00fd d\u1ef1 \u00e1n<\/p>\n\n\n\n<p>7. Gi\u00fap vi\u1ec7c b\u00e1o c\u00e1o tr\u1edf n\u00ean d\u1ec5 d\u00e0ng h\u01a1n v\u00e0 nhi\u1ec1u kh\u1ea3 n\u0103ng t\u00f9y ch\u1ec9nh \u0111\u1ec3 t\u1ea1o ra c\u00e1c b\u00e1o c\u00e1o d\u1eef li\u1ec7u ph\u1ee9c t\u1ea1p.<\/p>\n\n\n\n<p>8. Cung c\u1ea5p cho kh\u00e1ch h\u00e0ng d\u1ecbch v\u1ee5 ch\u0103m s\u00f3c t\u1ed1i \u01b0u nh\u1edd v\u00e0o h\u1ec7 th\u1ed1ng qu\u1ea3n l\u00fd kh\u00e1ch h\u00e0ng v\u00e0 \u0111\u01a1n h\u00e0ng.<\/p>\n\n\n\n<p>9. Th\u1ed1ng k\u00ea \u0111\u01b0\u1ee3c to\u00e0n b\u1ed9 c\u00e1c d\u1eef li\u1ec7u ho\u1ea1t \u0111\u1ed9ng c\u1ee7a doanh nghi\u1ec7p, t\u1eeb \u0111\u00f3 c\u00f3 th\u1ec3 \u0111\u1ec1 ra chi\u1ebfn l\u01b0\u1ee3c kinh doanh s\u1ea3n xu\u1ea5t ph\u00f9 h\u1ee3p \u0111\u1ec3 t\u1ed1i \u0111a h\u00f3a l\u1ee3i nhu\u1eadn.<\/p>\n","protected":false},"excerpt":{"rendered":"<p>L\u00e0 m\u1ed9t gi\u1ea3i ph\u00e1p qu\u1ea3n tr\u1ecb t\u1ed5ng th\u1ec3 h\u1ed7 tr\u1ee3 c\u00e1c nh\u00e0 l\u00e3nh \u0111\u1ea1o trong vi\u1ec7c qu\u1ea3n l\u00fd t\u1ea5t c\u1ea3 c\u00e1c ngu\u1ed3n l\u1ef1c c\u1ee7a doanh nghi\u1ec7p (nh\u00e2n l\u1ef1c &#8211; t\u00e0i l\u1ef1c &#8211; v\u1eadt l\u1ef1c) m\u00e0 c\u00f2n tr\u1ee3 gi\u00fap t\u1ea5t c\u1ea3 c\u00e1c b\u1ed9 ph\u1eadn c\u1ee7a doanh nghi\u1ec7p thao t\u00e1c nghi\u1ec7p v\u1ee5 v\u00e0 chia s\u1ebb th\u00f4ng tin &#8230; <a title=\"H\u1ec7 th\u1ed1ng qu\u1ea3n tr\u1ecb ERP\" class=\"read-more\" href=\"https:\/\/duyanhsms.com\/index.php\/he-thong-quan-tri-erp\/\" aria-label=\"More on H\u1ec7 th\u1ed1ng qu\u1ea3n tr\u1ecb ERP\">\u0110\u1ecdc ti\u1ebfp<\/a><\/p>\n","protected":false},"author":2,"featured_media":287,"parent":0,"menu_order":0,"comment_status":"closed","ping_status":"closed","template":"","meta":{"footnotes":""},"_links":{"self":[{"href":"https:\/\/duyanhsms.com\/index.php\/wp-json\/wp\/v2\/pages\/86"}],"collection":[{"href":"https:\/\/duyanhsms.com\/index.php\/wp-json\/wp\/v2\/pages"}],"about":[{"href":"https:\/\/duyanhsms.com\/index.php\/wp-json\/wp\/v2\/types\/page"}],"author":[{"embeddable":true,"href":"https:\/\/duyanhsms.com\/index.php\/wp-json\/wp\/v2\/users\/2"}],"replies":[{"embeddable":true,"href":"https:\/\/duyanhsms.com\/index.php\/wp-json\/wp\/v2\/comments?post=86"}],"version-history":[{"count":3,"href":"https:\/\/duyanhsms.com\/index.php\/wp-json\/wp\/v2\/pages\/86\/revisions"}],"predecessor-version":[{"id":776,"href":"https:\/\/duyanhsms.com\/index.php\/wp-json\/wp\/v2\/pages\/86\/revisions\/776"}],"wp:featuredmedia":[{"embeddable":true,"href":"https:\/\/duyanhsms.com\/index.php\/wp-json\/"}],"wp:attachment":[{"href":"https:\/\/duyanhsms.com\/index.php\/wp-json\/wp\/v2\/media?parent=86"}],"curies":[{"name":"wp","href":"https:\/\/api.w.org\/{rel}","templated":true}]}}