{"id":652,"date":"2022-12-10T15:24:38","date_gmt":"2022-12-10T08:24:38","guid":{"rendered":"https:\/\/duyanhsms.com\/?p=652"},"modified":"2022-12-16T09:47:04","modified_gmt":"2022-12-16T02:47:04","slug":"tinh-chi-phi-va-gia-thanh-san-pham","status":"publish","type":"page","link":"https:\/\/duyanhsms.com\/index.php\/tinh-chi-phi-va-gia-thanh-san-pham\/","title":{"rendered":"T\u00ednh chi ph\u00ed v\u00e0 gi\u00e1 th\u00e0nh s\u1ea3n ph\u1ea9m"},"content":{"rendered":"\n<figure class=\"wp-block-image size-large\"><img loading=\"lazy\" decoding=\"async\" width=\"1024\" height=\"768\" src=\"https:\/\/duyanhsms.com\/wp-content\/uploads\/2022\/12\/8.22_banner-Tinh-chi-phi-va-gia-thanh-sp-02-1024x768.jpg\" alt=\"\" class=\"wp-image-629\" srcset=\"https:\/\/duyanhsms.com\/wp-content\/uploads\/2022\/12\/8.22_banner-Tinh-chi-phi-va-gia-thanh-sp-02-1024x768.jpg 1024w, https:\/\/duyanhsms.com\/wp-content\/uploads\/2022\/12\/8.22_banner-Tinh-chi-phi-va-gia-thanh-sp-02-300x225.jpg 300w, https:\/\/duyanhsms.com\/wp-content\/uploads\/2022\/12\/8.22_banner-Tinh-chi-phi-va-gia-thanh-sp-02-768x576.jpg 768w, https:\/\/duyanhsms.com\/wp-content\/uploads\/2022\/12\/8.22_banner-Tinh-chi-phi-va-gia-thanh-sp-02-1536x1152.jpg 1536w, https:\/\/duyanhsms.com\/wp-content\/uploads\/2022\/12\/8.22_banner-Tinh-chi-phi-va-gia-thanh-sp-02-2048x1536.jpg 2048w\" sizes=\"(max-width: 1024px) 100vw, 1024px\" \/><\/figure>\n\n\n\n<p><strong>T\u00ednh chi ph\u00ed v\u00e0 gi\u00e1 th\u00e0nh s\u1ea3n ph\u1ea9m&nbsp;<\/strong><\/p>\n\n\n\n<p>\u0110\u1ed1i v\u1edbi b\u1ea5t k\u1ef3 m\u1ed9t s\u1ea3n ph\u1ea9m n\u00e0o th\u00ec vi\u1ec7c x\u00e1c \u0111\u1ecbnh gi\u00e1 b\u00e1n c\u1ee7a s\u1ea3n ph\u1ea9m c\u0169ng \u1ea3nh h\u01b0\u1edfng tr\u1ef1c ti\u1ebfp \u0111\u1ebfn s\u1ef1 th\u00e0nh c\u00f4ng c\u1ee7a doanh nghi\u1ec7p. Ch\u00ednh v\u00ec v\u1eady, t\u00ednh chi ph\u00ed v\u00e0 gi\u00e1 th\u00e0nh lu\u00f4n l\u00e0 m\u1ed9t b\u00e0i to\u00e1n m\u00e0 c\u00e1c doanh nghi\u1ec7p s\u1ea3n xu\u1ea5t, \u0111\u1eb7c bi\u1ec7t \u0111\u1ed1i nh\u1eefng doanh nghi\u1ec7p c\u00f3 quy tr\u00ecnh s\u1ea3n xu\u1ea5t ph\u1ee9c t\u1ea1p, nhi\u1ec1u c\u00f4ng \u0111o\u1ea1n, c\u00f3 s\u1ef1 tham gia c\u1ee7a nhi\u1ec1u b\u1ed9 ph\u1eadn\u2026kh\u00f3 c\u00f3 th\u1ec3 x\u1eed l\u00fd m\u1ed9t c\u00e1ch hi\u1ec7u qu\u1ea3.&nbsp;<\/p>\n\n\n\n<p>Ph\u1ea7n m\u1ec1m <strong>t\u00ednh chi ph\u00ed v\u00e0 gi\u00e1 th\u00e0nh s\u1ea3n ph\u1ea9m <\/strong>DAS s\u1ebd l\u00e0 m\u1ed9t c\u00f4ng c\u1ee5 c\u1ea7n thi\u1ebft gi\u00fap doanh nghi\u1ec7p gi\u1ea3i \u0111\u00e1p \u0111\u01b0\u1ee3c b\u00e0i to\u00e1n chi ph\u00ed v\u00e0 gi\u00e1 th\u00e0nh s\u1ea3n ph\u1ea9m m\u1ed9t c\u00e1ch hi\u1ec7u qu\u1ea3. Ph\u1ea7n m\u1ec1m n\u00e0y \u0111\u01b0\u1ee3c thi\u1ebft k\u1ebf v\u1edbi nh\u1eefng ch\u1ee9c n\u0103ng ch\u00ednh nh\u01b0 sau:<\/p>\n\n\n\n<p>&#8211; C\u00e1c thao t\u00e1c t\u00ednh to\u00e1n chi ph\u00ed s\u1ea3n xu\u1ea5t, gia c\u00f4ng c\u0169ng nh\u01b0 gi\u00e1 th\u00e0nh s\u1ea3n ph\u1ea9m ho\u00e0n to\u00e0n t\u1ef1 \u0111\u1ed9ng nh\u01b0ng v\u1eabn \u0111\u1ea3m b\u1ea3o \u0111\u1ed9 ch\u00ednh x\u00e1c tuy\u1ec7t \u0111\u1ed1i, gi\u00fap doanh nghi\u1ec7p ti\u1ebft ki\u1ec7m th\u1eddi gian v\u00e0 h\u1ea1n ch\u1ebf nh\u1eefng r\u1ee7i ro do sai l\u1ec7ch kh\u00f4ng \u0111\u00e1ng c\u00f3.&nbsp;<\/p>\n\n\n\n<p>&#8211; Xu\u1ea5t b\u00e1o c\u00e1o chi ph\u00ed theo th\u1eddi gian t\u00f9y ch\u1ecdn, gi\u00fap nh\u00e0 qu\u1ea3n l\u00fd theo d\u00f5i \u0111\u01b0\u1ee3c chi ph\u00ed c\u1ee7a t\u1eebng giai \u0111o\u1ea1n c\u1ee5 th\u1ec3.<\/p>\n\n\n\n<p>&#8211;&nbsp; Thi\u1ebft l\u1eadp c\u00f4ng c\u1ee5 nh\u1eadn x\u00e9t v\u00e0 c\u1ea3nh b\u00e1o gi\u00fap doanh nghi\u1ec7p c\u00f3 th\u1ec3 th\u1ea5y \u0111\u01b0\u1ee3c v\u1ea5n \u0111\u1ec1 m\u00e0 doanh nghi\u1ec7p \u0111ang g\u1eb7p ph\u1ea3i \u0111\u1ec3 c\u00f3 h\u01b0\u1edbng x\u1eed l\u00fd ph\u00f9 h\u1ee3p.<\/p>\n\n\n\n<p>&#8211; Theo d\u00f5i chi ph\u00ed chi ti\u1ebft \u0111\u1ebfn t\u1eebng c\u00f4ng \u0111o\u1ea1n c\u1ee7a t\u1eebng s\u1ea3n ph\u1ea9m. Ph\u1ea7n m\u1ec1m c\u00f3 th\u1ec3 th\u1ed1ng k\u00ea l\u1ea1i sai s\u1ed1 gi\u1eefa b\u00e1o gi\u00e1 v\u00e0 chi ph\u00ed th\u1ef1c t\u1ebf c\u1ee7a s\u1ea3n ph\u1ea9m \u0111\u1ec3 ng\u01b0\u1eddi s\u1eed d\u1ee5ng c\u0103n c\u1ee9 v\u00e0o \u0111\u00f3 \u0111\u1ec3 \u0111i\u1ec1u ch\u1ec9nh c\u00e1c h\u1ec7 s\u1ed1 t\u00ednh gi\u00e1 cho ph\u00f9 h\u1ee3p.<\/p>\n\n\n\n<p>&#8211; C\u00f3 th\u1ec3 xu\u1ea5t b\u00e1o c\u00e1o c\u1ea3 chi ph\u00ed tr\u1ef1c ti\u1ebfp v\u00e0 chi ph\u00ed ph\u00e2n b\u1ed5 t\u1ea1m t\u00ednh m\u00e0 kh\u00f4ng c\u1ea7n ph\u1ea3i ch\u1edd h\u1ea1ch to\u00e1n v\u00e0o cu\u1ed1i th\u00e1ng.<\/p>\n\n\n\n<figure class=\"wp-block-image\"><img decoding=\"async\" src=\"https:\/\/lh3.googleusercontent.com\/I_rUBOCeY0_DNsKQ2nHk2U49i6tJ2QlO0svJC_8nASxebE063AjSWBD0pUsF7tA5SwkRkP_WrNhlIo-Hr74o-SJ-SRNe-0djdIbdnOBj5HwSRaEoi97LsmzKkba78aXwDRl4UBbw7vp694SaIjfZ20IPJGG_SwJsPBoDKEdI24dnSvAISgJRhMqy0hGGe45T\" alt=\"\"\/><\/figure>\n\n\n\n<p><em>Chi ph\u00ed t\u1eebng chi ti\u1ebft<\/em><\/p>\n\n\n\n<figure class=\"wp-block-image\"><img decoding=\"async\" src=\"https:\/\/lh6.googleusercontent.com\/JJXLXjMZ82iPKTS78q3inaLNPEYHpSHzP3fuWVsi5nzkvdbB_G323E0_0-alj0YDpAHKz1kD_uoB7CvoovCTBrKAP-svzZO_Hht5TECq9yZMbKj-LoDYSMT2Pru4NP_Q1qDLKX-QJqTqBe5YL4dl37WSx9JRIenW_Hlhb7bTxujv8M7zsi9nnbrMrCna-nzc\" alt=\"\"\/><\/figure>\n","protected":false},"excerpt":{"rendered":"<p>T\u00ednh chi ph\u00ed v\u00e0 gi\u00e1 th\u00e0nh s\u1ea3n ph\u1ea9m&nbsp; \u0110\u1ed1i v\u1edbi b\u1ea5t k\u1ef3 m\u1ed9t s\u1ea3n ph\u1ea9m n\u00e0o th\u00ec vi\u1ec7c x\u00e1c \u0111\u1ecbnh gi\u00e1 b\u00e1n c\u1ee7a s\u1ea3n ph\u1ea9m c\u0169ng \u1ea3nh h\u01b0\u1edfng tr\u1ef1c ti\u1ebfp \u0111\u1ebfn s\u1ef1 th\u00e0nh c\u00f4ng c\u1ee7a doanh nghi\u1ec7p. Ch\u00ednh v\u00ec v\u1eady, t\u00ednh chi ph\u00ed v\u00e0 gi\u00e1 th\u00e0nh lu\u00f4n l\u00e0 m\u1ed9t b\u00e0i to\u00e1n m\u00e0 c\u00e1c doanh nghi\u1ec7p &#8230; <a title=\"T\u00ednh chi ph\u00ed v\u00e0 gi\u00e1 th\u00e0nh s\u1ea3n ph\u1ea9m\" class=\"read-more\" href=\"https:\/\/duyanhsms.com\/index.php\/tinh-chi-phi-va-gia-thanh-san-pham\/\" aria-label=\"More on T\u00ednh chi ph\u00ed v\u00e0 gi\u00e1 th\u00e0nh s\u1ea3n ph\u1ea9m\">\u0110\u1ecdc ti\u1ebfp<\/a><\/p>\n","protected":false},"author":1,"featured_media":0,"parent":0,"menu_order":0,"comment_status":"closed","ping_status":"closed","template":"","meta":{"footnotes":""},"_links":{"self":[{"href":"https:\/\/duyanhsms.com\/index.php\/wp-json\/wp\/v2\/pages\/652"}],"collection":[{"href":"https:\/\/duyanhsms.com\/index.php\/wp-json\/wp\/v2\/pages"}],"about":[{"href":"https:\/\/duyanhsms.com\/index.php\/wp-json\/wp\/v2\/types\/page"}],"author":[{"embeddable":true,"href":"https:\/\/duyanhsms.com\/index.php\/wp-json\/wp\/v2\/users\/1"}],"replies":[{"embeddable":true,"href":"https:\/\/duyanhsms.com\/index.php\/wp-json\/wp\/v2\/comments?post=652"}],"version-history":[{"count":4,"href":"https:\/\/duyanhsms.com\/index.php\/wp-json\/wp\/v2\/pages\/652\/revisions"}],"predecessor-version":[{"id":749,"href":"https:\/\/duyanhsms.com\/index.php\/wp-json\/wp\/v2\/pages\/652\/revisions\/749"}],"wp:attachment":[{"href":"https:\/\/duyanhsms.com\/index.php\/wp-json\/wp\/v2\/media?parent=652"}],"curies":[{"name":"wp","href":"https:\/\/api.w.org\/{rel}","templated":true}]}}