{"id":650,"date":"2022-12-10T15:22:56","date_gmt":"2022-12-10T08:22:56","guid":{"rendered":"https:\/\/duyanhsms.com\/?p=650"},"modified":"2022-12-14T10:50:19","modified_gmt":"2022-12-14T03:50:19","slug":"quan-ly-nhan-su","status":"publish","type":"page","link":"https:\/\/duyanhsms.com\/index.php\/quan-ly-nhan-su\/","title":{"rendered":"Qu\u1ea3n l\u00fd nh\u00e2n s\u1ef1"},"content":{"rendered":"\n<figure class=\"wp-block-image size-large\"><img loading=\"lazy\" decoding=\"async\" width=\"1024\" height=\"768\" src=\"https:\/\/duyanhsms.com\/wp-content\/uploads\/2022\/12\/8.22_banner-quan-ly-nhan-su-02-1024x768.jpg\" alt=\"\" class=\"wp-image-625\" srcset=\"https:\/\/duyanhsms.com\/wp-content\/uploads\/2022\/12\/8.22_banner-quan-ly-nhan-su-02-1024x768.jpg 1024w, https:\/\/duyanhsms.com\/wp-content\/uploads\/2022\/12\/8.22_banner-quan-ly-nhan-su-02-300x225.jpg 300w, https:\/\/duyanhsms.com\/wp-content\/uploads\/2022\/12\/8.22_banner-quan-ly-nhan-su-02-768x576.jpg 768w, https:\/\/duyanhsms.com\/wp-content\/uploads\/2022\/12\/8.22_banner-quan-ly-nhan-su-02-1536x1152.jpg 1536w, https:\/\/duyanhsms.com\/wp-content\/uploads\/2022\/12\/8.22_banner-quan-ly-nhan-su-02-2048x1536.jpg 2048w\" sizes=\"(max-width: 1024px) 100vw, 1024px\" \/><\/figure>\n\n\n\n<p><strong>Ph\u1ea7n m\u1ec1m qu\u1ea3n l\u00fd nh\u00e2n s\u1ef1<\/strong><\/p>\n\n\n\n<p>C\u00f4ng t\u00e1c qu\u1ea3n l\u00fd, khai th\u00e1c, s\u1eed d\u1ee5ng lao \u0111\u1ed9ng c\u1ee7a m\u1ed9t c\u00f4ng ty, doanh nghi\u1ec7p, t\u1ed5 ch\u1ee9c,\u2026m\u1ed9t c\u00e1ch h\u1ee3p l\u00fd v\u00e0 hi\u1ec7u qu\u1ea3 l\u00e0 \u0111i\u1ec1u v\u00f4 c\u00f9ng c\u1ea7n thi\u1ebft. Ch\u1ee9c n\u0103ng qu\u1ea3n l\u00fd nh\u00e2n s\u1ef1 li\u00ean quan \u0111\u1ebfn c\u00e1c c\u00f4ng vi\u1ec7c nh\u01b0 thu h\u00fat ngu\u1ed3n nh\u00e2n l\u1ef1c, tuy\u1ec3n d\u1ee5ng, \u0111\u00e0o t\u1ea1o, t\u00ednh l\u01b0\u01a1ng, \u0111\u00e1nh gi\u00e1, khen th\u01b0\u1edfng nh\u00e2n vi\u00ean,\u2026<\/p>\n\n\n\n<p>H\u1ed7 tr\u1ee3 x\u00e2y d\u1ef1ng v\u00e0 tri\u1ec3n khai chi\u1ebfn l\u01b0\u1ee3c ngu\u1ed3n nh\u00e2n l\u1ef1c nh\u1eb1m \u0111\u1ea3m b\u1ea3o cung c\u1ea5p nh\u00e2n s\u1ef1 ch\u1ea5t l\u01b0\u1ee3ng v\u00e0 \u0111\u00e1p \u1ee9ng k\u1ecbp th\u1eddi y\u00eau c\u1ea7u ph\u00e1t tri\u1ec3n c\u1ee7a c\u00f4ng ty theo \u0111\u00fang quy tr\u00ecnh. Ch\u00ednh v\u00ec v\u1eady <strong>Ph\u1ea7n m\u1ec1m qu\u1ea3n l\u00fd nh\u00e2n s\u1ef1 <\/strong>s\u1ebd v\u00f4 c\u00f9ng quan tr\u1ecdng \u0111\u1ed1i v\u1edbi c\u00e1c doanh nghi\u1ec7p. ph\u1ea7n m\u1ec1m n\u00e0y gi\u00fap cho ch\u1ee7 doanh nghi\u1ec7p c\u0169ng nh\u01b0 c\u00e1c b\u1ed9 ph\u1eadn h\u00e0nh ch\u00ednh nh\u00e2n s\u1ef1, k\u1ebf to\u00e1n c\u00f3 th\u1ec3 n\u1eafm \u0111\u01b0\u1ee3c th\u00f4ng tin li\u00ean quan \u0111\u1ebfn h\u1ed3 s\u01a1 c\u0169ng nh\u01b0 s\u1ed1 ng\u00e0y, s\u1ed1 gi\u1edd c\u00f4ng l\u00e0m vi\u1ec7c c\u1ee7a m\u1ed7i nh\u00e2n vi\u00ean. T\u1eeb \u0111\u00f3, c\u00e1c b\u1ed9 ph\u1eadn li\u00ean quan s\u1ebd c\u00f3 th\u1ec3 d\u1ec5 d\u00e0ng th\u1ef1c thi c\u00e1c quy \u0111\u1ecbnh, n\u1ed9i quy c\u1ee7a doanh nghi\u1ec7p, h\u1ed7 tr\u1ee3 r\u1ea5t l\u1edbn cho vi\u1ec7c t\u00ednh l\u01b0\u01a1ng cho nh\u00e2n vi\u00ean.<\/p>\n\n\n\n<p>V\u1edbi c\u00e1c Doanh nghi\u1ec7p kh\u00e1c nhau, quy m\u00f4 s\u1ed1 l\u01b0\u1ee3ng nh\u00e2n s\u1ef1 kh\u00e1c nhau th\u00ec vi\u1ec7c qu\u1ea3n l\u00fd n\u00e0y c\u0169ng \u0111\u01b0\u1ee3c th\u1ef1c hi\u1ec7n kh\u00e1c nhau. \u0110\u1ec3 \u0111\u00e1p \u1ee9ng \u0111\u01b0\u1ee3c nhu c\u1ea7u c\u1ee7a doanh nghi\u1ec7p, DAS \u0111\u00e3 \u0111\u01b0a ra gi\u1ea3i ph\u00e1p ph\u1ea7n m\u1ec1m qu\u1ea3n l\u00fd nh\u00e2n s\u1ef1 ph\u00f9 h\u1ee3p v\u1edbi m\u1ecdi lo\u1ea1i h\u00ecnh doanh nghi\u1ec7p. Ph\u1ea7n m\u1ec1m gi\u00fap qu\u1ea3n l\u00fd chi ti\u1ebft th\u1eddi gian l\u00e0m vi\u1ec7c c\u1ee7a t\u1eebng nh\u00e2n vi\u00ean, tr\u00e1nh t\u00ecnh tr\u1ea1ng t\u00ednh sai s\u00f3t trong vi\u1ec7c qu\u1ea3n l\u00fd c\u0169ng nh\u01b0 t\u00ednh l\u01b0\u01a1ng cho ng\u01b0\u1eddi lao \u0111\u1ed9ng.<\/p>\n\n\n\n<p>M\u1ed9t s\u1ed1 ch\u1ee9c n\u0103ng n\u1ed5i b\u1eadt c\u1ee7a ph\u1ea7n m\u1ec1m qu\u1ea3n l\u00fd nh\u00e2n s\u1ef1<\/p>\n\n\n\n<p>1. H\u1ec7 th\u1ed1ng k\u1ebft n\u1ed1i v\u1edbi m\u00e1y ch\u1ea5m c\u00f4ng (v\u00e2n tay) \u0111\u1ec3 nh\u1eadn v\u00e0 l\u01b0u tr\u1eef d\u1eef li\u1ec7u ch\u1ea5m c\u00f4ng h\u00e0ng ng\u00e0y c\u1ee7a c\u00e1n b\u1ed9 c\u00f4ng nh\u00e2n vi\u00ean. Ch\u1ee9c n\u0103ng n\u00e0y h\u1ed7 tr\u1ee3 vi\u1ec7c khai th\u00e1c, c\u1eadp nh\u1eadt d\u1eef li\u1ec7u m\u1ed9t c\u00e1ch nhanh ch\u00f3ng v\u00e0 \u0111\u01a1n gi\u1ea3n. \u0110\u1ed3ng th\u1eddi gi\u00fap cho b\u1ed9 ph\u1eadn nh\u00e2n s\u1ef1 gi\u1ea3m \u0111\u01b0\u1ee3c th\u1eddi gian v\u00e0 c\u00f4ng s\u1ee9c ch\u1ea5m c\u00f4ng cho t\u1eebng nh\u00e2n vi\u00ean.<\/p>\n\n\n\n<figure class=\"wp-block-image\"><img decoding=\"async\" src=\"https:\/\/lh5.googleusercontent.com\/X1Z006Nr2ERaLEzNxjBeq3ASLSMynFn2TMcBKQu3_CoeQ398SgZYTMw2gr3gxfZ_gMxVKRhMtQYZKzI5wDKha96m1Kmd7U3eZHWCi6UnwD77xsdzoc4gIu0qBCic6yiVaAjzWr2NeB1QB78ICHv-oDcYfFGk1-b6G2bJjFO1KJbcRY2nXe0HSg6i-3AsBKrxi-clZ_OZGA\" alt=\"\"\/><\/figure>\n\n\n\n<p><em>(Ph\u1ea7n m\u1ec1m qu\u1ea3n l\u00fd ch\u1ea5m c\u00f4ng \u1ee9ng d\u1ee5ng t\u1ea1i c\u00f4ng ty C\u01a1 kh\u00ed Duy Khanh)<\/em><\/p>\n\n\n\n<p>2. Thi\u1ebft l\u1eadp l\u1ecbch l\u00e0m vi\u1ec7c, ca l\u00e0m vi\u1ec7c, danh m\u1ee5c ng\u00e0y ngh\u1ec9 L\u1ec5, ngh\u1ec9 ph\u00e9p.<\/p>\n\n\n\n<figure class=\"wp-block-image\"><img decoding=\"async\" src=\"https:\/\/lh6.googleusercontent.com\/bjftQBloJ3sBVNB4dvRPez_Ee5w1CDXBN9vBRi4hyQcKPftxDDiC5jcXhdk2xPzd_aejnJj17yA8rLD0PP9cluVJKZ8f4fROVLLTtidGLkNueC5zR_tYsHQTzWYL0WFXjnxt4_eLkr1qQA0_KLUitgkItQNyYjj3o9oYyQpFEkuofEvQRta3SB5q98GQqnyM7UPGlYa2zQ\" alt=\"\"\/><\/figure>\n\n\n\n<p><em>(Ph\u1ea7n m\u1ec1m qu\u1ea3n l\u00fd ch\u1ea5m c\u00f4ng \u1ee9ng d\u1ee5ng t\u1ea1i c\u00f4ng ty C\u01a1 kh\u00ed Duy Khanh)<\/em><\/p>\n\n\n\n<p>3. L\u1eadp b\u1ea3ng ch\u1ea5m c\u00f4ng chi ti\u1ebft cho t\u1eebng ph\u00f2ng ban, b\u1ed9 ph\u1eadn. Ch\u1ea5m c\u00f4ng chi ti\u1ebft \u0111\u1ebfn t\u1eebng nh\u00e2n vi\u00ean theo ng\u00e0y, ca l\u00e0m vi\u1ec7c.<\/p>\n\n\n\n<figure class=\"wp-block-image\"><img decoding=\"async\" src=\"https:\/\/lh3.googleusercontent.com\/Bwl56MqUYZfJzjyqrpCj2p7tNKYkIRxz0bvItQDrmzyH_42krBpWaF4NJscPoX7GPg4BZ8opxnObPDbFUXGkvszelbGuvTdzA29DMddYjyQ3n5lNRY2zTXAXnCsjfFrfT0uFPBiY0qtKk5ToeGeKp7_-0RtW_XHWLc6MIIsadIF4KEqQFomqx0GQnX12ibFFNbW7IzQjNA\" alt=\"\"\/><\/figure>\n\n\n\n<p><em>(Ph\u1ea7n m\u1ec1m qu\u1ea3n l\u00fd ch\u1ea5m c\u00f4ng \u1ee9ng d\u1ee5ng t\u1ea1i c\u00f4ng ty C\u01a1 kh\u00ed Duy Khanh)<\/em><\/p>\n\n\n\n<p>4. T\u1ed5ng h\u1ee3p s\u1ed1 ng\u00e0y c\u00f4ng c\u1ee7a nh\u00e2n vi\u00ean \u0111i l\u00e0m, ngh\u1ec9 ph\u00e9p, ngh\u1ec9 \u1ed1m, th\u1eddi gian l\u00e0m ngo\u00e0i gi\u1edd,\u2026 \u0111\u1ec3 l\u1eadp b\u1ea3ng ch\u1ea5m c\u00f4ng theo ch\u1ebf \u0111\u1ed9 c\u1ee7a c\u00f4ng ty.<\/p>\n\n\n\n<p>5. Qu\u1ea3n l\u00fd th\u00f4ng tin v\u00e0o ra: T\u1ed5ng h\u1ee3p s\u1ed1 l\u1ea7n ho\u1eb7c t\u1ed5ng th\u1eddi gian nh\u00e2n vi\u00ean \u0111i l\u00e0m mu\u1ed9n, v\u1ec1 s\u1edbm \u0111\u1ec3 \u00e1p d\u1ee5ng k\u1ef7 lu\u1eadt theo quy \u0111\u1ecbnh c\u1ee7a t\u1eebng doanh nghi\u1ec7p<\/p>\n\n\n\n<p>6. H\u1ec7 th\u1ed1ng \u0111\u1eb7c bi\u1ec7t ph\u00f9 h\u1ee3p ch\u1ea5m c\u00f4ng cho c\u00e1c doanh nghi\u1ec7p c\u00f3 nhi\u1ec1u ca l\u00e0m vi\u1ec7c.<\/p>\n\n\n\n<p>7. C\u00f3 th\u1ec3 t\u00edch h\u1ee3p h\u1ec7 th\u1ed1ng quy tr\u00ecnh v\u00e0 t\u00e0i li\u1ec7u \u0111\u00e0o t\u1ea1o nh\u00e2n vi\u00ean tr\u00ean ph\u1ea7n m\u1ec1m.<\/p>\n\n\n\n<p>8. L\u01b0u tr\u1eef th\u00f4ng tin nh\u00e2n vi\u00ean: B\u1eb1ng c\u1ea5p, H\u1ee3p \u0111\u1ed3ng lao \u0111\u1ed9ng, l\u01b0\u01a1ng, b\u1ea3o hi\u1ec3m, qu\u00e1 tr\u00ecnh l\u00e0m vi\u1ec7c \u2013 chuy\u1ec3n ph\u00f2ng ban, \u2026<\/p>\n\n\n\n<p>9. C\u1ea3nh b\u00e1o c\u00e1c ng\u00e0y quan tr\u1ecdng c\u1ee7a nh\u00e2n vi\u00ean: sinh nh\u1eadt, h\u1ebft h\u1ea1n h\u1ee3p \u0111\u1ed3ng\u2026<\/p>\n\n\n\n<p>C\u00f3 th\u1ec3 n\u00f3i r\u1eb1ng ph\u1ea7n m\u1ec1m qu\u1ea3n l\u00fd ch\u1ea5m c\u00f4ng c\u1ee7a DAS c\u00f3 th\u1ec3 kh\u00f4ng l\u00e0 gi\u1ea3i ph\u00e1p t\u1ed1t nh\u1ea5t nh\u01b0ng s\u1ebd l\u00e0 gi\u1ea3i ph\u00e1p ph\u00f9 h\u1ee3p nh\u1ea5t \u0111\u1ec3 gi\u1ea3i quy\u1ebft m\u1ecdi nhu c\u1ea7u qu\u1ea3n l\u00fd nh\u00e2n s\u1ef1 c\u01a1 b\u1ea3n c\u1ee7a Doanh nghi\u1ec7p, \u0111\u1eb7c bi\u1ec7t l\u00e0 doanh nghi\u1ec7p s\u1ea3n xu\u1ea5t.<\/p>\n","protected":false},"excerpt":{"rendered":"<p>Ph\u1ea7n m\u1ec1m qu\u1ea3n l\u00fd nh\u00e2n s\u1ef1 C\u00f4ng t\u00e1c qu\u1ea3n l\u00fd, khai th\u00e1c, s\u1eed d\u1ee5ng lao \u0111\u1ed9ng c\u1ee7a m\u1ed9t c\u00f4ng ty, doanh nghi\u1ec7p, t\u1ed5 ch\u1ee9c,\u2026m\u1ed9t c\u00e1ch h\u1ee3p l\u00fd v\u00e0 hi\u1ec7u qu\u1ea3 l\u00e0 \u0111i\u1ec1u v\u00f4 c\u00f9ng c\u1ea7n thi\u1ebft. Ch\u1ee9c n\u0103ng qu\u1ea3n l\u00fd nh\u00e2n s\u1ef1 li\u00ean quan \u0111\u1ebfn c\u00e1c c\u00f4ng vi\u1ec7c nh\u01b0 thu h\u00fat ngu\u1ed3n nh\u00e2n l\u1ef1c, tuy\u1ec3n &#8230; <a title=\"Qu\u1ea3n l\u00fd nh\u00e2n s\u1ef1\" class=\"read-more\" href=\"https:\/\/duyanhsms.com\/index.php\/quan-ly-nhan-su\/\" aria-label=\"More on Qu\u1ea3n l\u00fd nh\u00e2n s\u1ef1\">\u0110\u1ecdc ti\u1ebfp<\/a><\/p>\n","protected":false},"author":1,"featured_media":0,"parent":0,"menu_order":0,"comment_status":"closed","ping_status":"closed","template":"","meta":{"footnotes":""},"_links":{"self":[{"href":"https:\/\/duyanhsms.com\/index.php\/wp-json\/wp\/v2\/pages\/650"}],"collection":[{"href":"https:\/\/duyanhsms.com\/index.php\/wp-json\/wp\/v2\/pages"}],"about":[{"href":"https:\/\/duyanhsms.com\/index.php\/wp-json\/wp\/v2\/types\/page"}],"author":[{"embeddable":true,"href":"https:\/\/duyanhsms.com\/index.php\/wp-json\/wp\/v2\/users\/1"}],"replies":[{"embeddable":true,"href":"https:\/\/duyanhsms.com\/index.php\/wp-json\/wp\/v2\/comments?post=650"}],"version-history":[{"count":1,"href":"https:\/\/duyanhsms.com\/index.php\/wp-json\/wp\/v2\/pages\/650\/revisions"}],"predecessor-version":[{"id":651,"href":"https:\/\/duyanhsms.com\/index.php\/wp-json\/wp\/v2\/pages\/650\/revisions\/651"}],"wp:attachment":[{"href":"https:\/\/duyanhsms.com\/index.php\/wp-json\/wp\/v2\/media?parent=650"}],"curies":[{"name":"wp","href":"https:\/\/api.w.org\/{rel}","templated":true}]}}